ded by z(-22)?
13
Let s(o) = o**3 - 15*o**2 - 3*o + 27. Let a(y) = y**3 - 16*y**2 - 2*y + 27. Let p(f) = -4*a(f) + 5*s(f). Calculate the remainder when p(12) is divided by 22.
21
What is the remainder when (-2051)/((-49)/7) - -4 is divided by 23?
21
Suppose 16*g - 15*g = 0. Calculate the remainder when (g - 5)*(-12 + 11) is divided by 2.
1
Suppose -2*h = 3*r - 15, -2*h + 4*r - 6 + 0 = 0. Suppose j + 4*n = 40, -h*n = -4 - 5. Suppose j = 3*o - 203. What is the remainder when o is divided by 20?
17
Suppose 3*g - 6*g - 3 = 0. Suppose 3*t - 234 = -0*t + 5*r, -5*t + r + 390 = 0. Calculate the remainder when t is divided by (2 - -27) + -1 + g.
24
Suppose -p - 49 + 96 = -2*f, -4*p - f = -161. What is the remainder when 347 is divided by p?
19
Let a = 0 + 0. Let b = 35 + -2. Suppose a = k - 7 - b. Calculate the remainder when k is divided by 21.
19
Suppose -26 = -3*o + o. Let z be 4/14 - (-32)/(-14). What is the remainder when o is divided by -2*z/(-12)*-21?
6
Suppose -3*q + 1015 = -4*t, -5*q + 1400 = 5*t - 245. What is the remainder when q is divided by 13?
8
Let b(l) = l**2 + 9*l. Let u be b(-10). Let k(j) = j**2 - 9*j + 15. Let z(n) = 99*n**2 + n + 1. Calculate the remainder when z(-1) is divided by k(u).
24
Let w = 1049 + -838. What is the remainder when w is divided by 99?
13
Let l = -10 - -10. Let x = 8 + 7. Suppose -x = -l*r - 3*r. Calculate the remainder when 12 is divided by r.
2
Suppose q + 37 = v - 4*q, 2*v = 5*q + 94. Let n = v + -21. Suppose -16 = -3*l + 2*u + 40, -u - 38 = -2*l. What is the remainder when n is divided by l?
16
Calculate the remainder when 295 is divided by 33 + (-11)/(-22)*5*2.
29
Suppose -3*l + 2*w + 56 = 0, 5*l - 80 = -3*w + 45. What is the remainder when 145 is divided by l?
13
Calculate the remainder when 1671 is divided by 16/(80/195) - 12.
24
Suppose 5*h = 3*d + 80, 48 = 3*h + 3*d + d. What is the remainder when 54 is divided by h?
6
Let q = 68 - 57. Let u = -1 + q. What is the remainder when 16 is divided by u?
6
Suppose 4*y - 304 = y - 5*u, 0 = 4*y + 4*u - 392. What is the remainder when y is divided by 48?
45
Suppose 6*w = 3*w + 9. Suppose 3*f = -w*z - 435, 3*z + 0*z = 4*f - 470. What is the remainder when z/(-8) - (-4)/16 is divided by 10?
9
Suppose 8 = 2*p - 0. Let k be (4/(-12))/((-2)/6). Suppose p*g = -4*j, -4 = 3*j + 4*g + k. What is the remainder when 12 is divided by j?
2
Let a = -100 - -109. Let m(d) = -d**3 + 8*d**2 + 13*d - 29. Calculate the remainder when m(a) is divided by 7.
0
Suppose 8*z - 211 - 381 = 0. Calculate the remainder when z is divided by 14.
4
Calculate the remainder when (19/2)/((-2)/(-4))*7 is divided by 15.
13
Let q(b) = -b - 1. Let i(y) = 6 - 16*y + 6 - 4. Let z(h) = -i(h) - 5*q(h). What is the remainder when z(3) is divided by 21?
18
Let x(r) = r**3 + 2*r**2 - 3*r + 3. Let z(g) = 3*g - 73. What is the remainder when z(30) is divided by x(-3)?
2
Let g(l) = -9*l - 51. Let y(i) = -4*i - 25. Let u(d) = 2*g(d) - 5*y(d). Calculate the remainder when u(0) is divided by 10.
3
Suppose 5*n - 491 = 3*a, 2*n - 2*a - 2*a - 188 = 0. What is the remainder when 386 is divided by n?
86
Let p(t) = 22*t**2 - 3*t. What is the remainder when p(3) is divided by 68?
53
Let q = 131 + -94. Suppose -188 = 5*z - s, -s - 9 = z + 31. What is the remainder when q is divided by 3/6 + z/(-4)?
7
Let d = 1868 - 1848. Suppose -28 - 2 = -5*z. What is the remainder when d is divided by z?
2
Let m be 164/8 - 3*(-2)/(-12). What is the remainder when 65*(m/35 - 17/(-7)) is divided by 28?
27
Suppose -228 = -3*j + p - 64, 5*j - 271 = 4*p. Calculate the remainder when j is divided by 14.
13
Let y = -1 - -27. Let n(j) = 2*j**3 - 5*j**2 - 9*j + 8. Let u be n(5). Let r = 165 - u. What is the remainder when r is divided by y?
25
Let j(t) = -t**3 - 9*t**2 - 3*t - 7. Suppose 0 = -2*l - 3*l - 45. Let b be j(l). Suppose -2*h = -166 + b. Calculate the remainder when h is divided by 19.
16
Let s(g) = 4 - 3 + 8*g - 4 - 5. Let d be (-30)/4*(-4)/6. What is the remainder when s(d) is divided by 17?
15
Let y be 2243/5 + (-27)/45 - 3. Suppose -5*z = -t - y, 2*z - 3*t - 149 = 29. What is the remainder when z is divided by 13?
11
Suppose 72 = 5*n + f - 0*f, -3*f - 36 = -3*n. Let d(y) = 3*y**2 - 20*y - 5*y**2 - 11 + y**2. What is the remainder when d(-17) is divided by n?
12
Let i(r) = -3 - 5*r**3 + 4 - 34*r**2 - 6*r**3 + 33*r**2. Let s be i(-1). Suppose 11 = c - s. What is the remainder when c is divided by 12?
10
Let o(y) = -2*y**2 + 7*y + 33. Let x(v) = -v**2 + 4*v + 17. Let q(w) = -4*o(w) + 7*x(w). Calculate the remainder when q(7) is divided by 19.
17
Suppose -2*g + 5*h + 22 = 0, -g = 4*h + 63 - 74. Suppose 15 = d - 16. Calculate the remainder when d is divided by g.
9
Suppose 3*d = o - 1, -5*o = -3*d - 0*d - 41. Suppose 0*c = -5*c + o. Suppose c*u = 10 + 16. What is the remainder when 24 is divided by u?
11
Let t(a) = 41*a - 753. Let f(u) = 3*u**3 - u**2 - u - 1. Let x be f(-2). Let o = -13 - x. Calculate the remainder when t(20) is divided by o.
11
Let z(v) = -57*v - 15. Suppose 6 = 33*t - 39*t. Calculate the remainder when 163 is divided by z(t).
37
Let k(g) = 2*g**3 + 19*g**2 + 10*g + 19. Let s(i) = -i**3 - 14*i**2 - 2*i - 36. Let b be s(-14). Calculate the remainder when k(b) is divided by 33.
32
Let k = 40 - 17. Let g(x) = 55*x**2. Let a be g(1). Calculate the remainder when k is divided by (22/a)/(2/40).
7
Let d = 57 - 32. Calculate the remainder when 50 is divided by d - (3 + -3 + -1).
24
Let y = 289 - 281. What is the remainder when y is divided by 5?
3
Suppose -3*c = 2*v - 91, 8*v - 7*v = 5*c + 39. Suppose 3*q + 2*q = 5*w + 630, q + 4*w = 146. Calculate the remainder when q is divided by v.
42
Let i(c) = c**3 - 11*c**2 + 12*c - 15. Let y be i(10). Suppose 20 = y*w - 15. Calculate the remainder when w is divided by 2.
1
Suppose -14 = -n + 210. What is the remainder when 3 - 3/((-12)/n) is divided by 10?
9
Suppose -o = 2*p - 195, 5*p + 5*o - 489 = 4*o. Suppose 3*s + p = 239. Calculate the remainder when s is divided by 13.
8
Let h = 126 - 56. Suppose 0*t - 3*r = -3*t - 81, 5*r = -4*t - 108. Let a = 45 + t. Calculate the remainder when h is divided by a.
16
Suppose -3*x - 234 = -12*x. Suppose x = 2*t - 2*a, -3*t + 83 = 2*t + 4*a. What is the remainder when t is divided by (-1)/4 - 66/(-8)?
7
Let p be -27 - (0 - -2) - -4. Let n = p + 55. Suppose 0 = 3*t - 19 - 14. What is the remainder when n is divided by t?
8
What is the remainder when 68 is divided by -2 + -1 - (-96)/8 - 4?
3
Let n(l) be the third derivative of 13*l**4/8 + l**2. Let f = -352 - -353. Calculate the remainder when n(f) is divided by 14.
11
Suppose 58*u + 11379 - 116533 = 0. Calculate the remainder when u is divided by 55.
53
Let i(m) = 3*m + 62. What is the remainder when 158 is divided by i(-13)?
20
Let o(b) = 77*b + 5. Let d be o(7). Suppose 8*r = 94 + 34. Calculate the remainder when 1/(-3) - d/(-12) is divided by r.
13
Let d(c) = 9*c - 40. Let m be d(5). Suppose -m*k + 10*k = 80. Calculate the remainder when k is divided by 3.
1
Let v(o) = 10*o**2 + 2*o + 70. Calculate the remainder when v(6) is divided by 37.
35
Suppose 3 = 4*m + o, 5*o + 1 = -5*m - 14. Let j be 225 - (m + -3 - -3). Suppose j - 55 = 4*u. What is the remainder when u is divided by 11?
9
Let i be (-996)/(-30) + 3/(-15). Let p = 26 - i. Calculate the remainder when 20 is divided by (-7 - -3)*p/4.
6
Let b(j) = j**2 - 9*j - 21. Calculate the remainder when b(-4) is divided by 20.
11
What is the remainder when 35 is divided by 1891/183 + (-4)/3?
8
Suppose 0 = -475*p + 464*p + 264. What is the remainder when 166 is divided by p?
22
Suppose i + 13 = 15. Suppose k - 30 = -i*k. What is the remainder when 36 is divided by k?
6
Let n be 57/(2 + 0 - 1). Let y = n - -11. Calculate the remainder when y is divided by 18.
14
Let q(v) = -v**3 + 4*v**2 + 3*v + 1. Suppose 10 = -5*g, -3*i = 4*g + 60 - 10. Let u = i + 18. Calculate the remainder when 49 is divided by q(u).
10
What is the remainder when (-90)/(-8)*(-56)/(-14) is divided by 13?
6
Let r(n) = -7*n**2 + 12*n - 13. Let h(b) = b**2 - b + 1. Let o(w) = -6*h(w) - r(w). Calculate the remainder when o(7) is divided by 5.
4
Let o(v) = 2*v - 12. Let r be o(6). Suppose -5*h = -5*c - 20, r*c + 14 = -c + 3*h. What is the remainder when 4 is divided by c + 1 - (